{"id":72,"date":"2021-12-07T16:52:40","date_gmt":"2021-12-07T15:52:40","guid":{"rendered":"http:\/\/club-arada.fr\/?page_id=72"},"modified":"2021-12-07T16:52:41","modified_gmt":"2021-12-07T15:52:41","slug":"fonctionnement","status":"publish","type":"page","link":"http:\/\/club-arada.fr\/index.php\/fonctionnement\/","title":{"rendered":"Fonctionnement"},"content":{"rendered":"\n<p>Le club ARADA rassemble les amateurs d\u2019Alpine et Renault anciennes et \/ ou sportives<\/p>\n\n\n\n<p>en Dr\u00f4me \u2013 Ard\u00e8che<\/p>\n\n\n\n<p>Nous sommes une association de type loi 1901<\/p>\n\n\n\n<p>l\u2019ARADA compte une cinquantaine de membre.<\/p>\n\n\n\n<p>Notre bureau est compos\u00e9 d\u2019une dizaine de membre.<\/p>\n\n\n\n<p>Nous nous r\u00e9unissons le 3e vendredi du mois \u00e0 Mont\u00e9lier (sauf janvier \u2013 juillet \u2013 ao\u00fbt et d\u00e9cembre)<\/p>\n\n\n\n<p>Notre assembl\u00e9e g\u00e9n\u00e9rale a lieu chaque ann\u00e9e, le dimanche apr\u00e8s le 3e vendredi de janvier.<\/p>\n\n\n\n<p>Nous organisons entre 2 et 4 balades par an, d\u2019une \u00e0 2 journ\u00e9es selon les ann\u00e9es.<\/p>\n\n\n\n<p>Notre dynamique est la passion automobile autour des marques Alpine et Renault sport ou anciennes dans la convivialit\u00e9.<\/p>\n\n\n\n<p>Nous organisons un rassemblement tous les 3 ou 4 ans.<\/p>\n\n\n\n<p>Nous participons activement \u00e0 Epoqu\u2019auto au sein de la FCRA dont nous sommes adh\u00e9rents depuis plusieurs ann\u00e9es.<\/p>\n\n\n\n<p>Nous participons occasionnellement \u00e0 des op\u00e9rations comme le t\u00e9l\u00e9thon par exemple.<\/p>\n","protected":false},"excerpt":{"rendered":"<p>Le club ARADA rassemble les amateurs d\u2019Alpine et Renault anciennes et \/ ou sportives en Dr\u00f4me \u2013 Ard\u00e8che Nous sommes une association de type loi 1901 l\u2019ARADA compte une cinquantaine de membre. Notre bureau&#46;&#46;&#46;<\/p>\n","protected":false},"author":1,"featured_media":0,"parent":0,"menu_order":0,"comment_status":"closed","ping_status":"closed","template":"","meta":[],"_links":{"self":[{"href":"http:\/\/club-arada.fr\/index.php\/wp-json\/wp\/v2\/pages\/72"}],"collection":[{"href":"http:\/\/club-arada.fr\/index.php\/wp-json\/wp\/v2\/pages"}],"about":[{"href":"http:\/\/club-arada.fr\/index.php\/wp-json\/wp\/v2\/types\/page"}],"author":[{"embeddable":true,"href":"http:\/\/club-arada.fr\/index.php\/wp-json\/wp\/v2\/users\/1"}],"replies":[{"embeddable":true,"href":"http:\/\/club-arada.fr\/index.php\/wp-json\/wp\/v2\/comments?post=72"}],"version-history":[{"count":1,"href":"http:\/\/club-arada.fr\/index.php\/wp-json\/wp\/v2\/pages\/72\/revisions"}],"predecessor-version":[{"id":73,"href":"http:\/\/club-arada.fr\/index.php\/wp-json\/wp\/v2\/pages\/72\/revisions\/73"}],"wp:attachment":[{"href":"http:\/\/club-arada.fr\/index.php\/wp-json\/wp\/v2\/media?parent=72"}],"curies":[{"name":"wp","href":"https:\/\/api.w.org\/{rel}","templated":true}]}}

<p>Le club ARADA rassemble les amateurs d’Alpine et Renault anciennes et / ou sportives</p>



<p>en Drôme – Ardèche</p>



<p>Nous sommes une association de type loi 1901</p>



<p>l’ARADA compte une cinquantaine de membre.</p>



<p>Notre bureau est composé d’une dizaine de membre.</p>



<p>Nous nous réunissons le 3e vendredi du mois à Montélier (sauf janvier – juillet – août et décembre)</p>



<p>Notre assemblée générale a lieu chaque année, le dimanche après le 3e vendredi de janvier.</p>



<p>Nous organisons entre 2 et 4 balades par an, d’une à 2 journées selon les années.</p>



<p>Notre dynamique est la passion automobile autour des marques Alpine et Renault sport ou anciennes dans la convivialité.</p>



<p>Nous organisons un rassemblement tous les 3 ou 4 ans.</p>



<p>Nous participons activement à Epoqu’auto au sein de la FCRA dont nous sommes adhérents depuis plusieurs années.</p>



<p>Nous participons occasionnellement à des opérations comme le téléthon par exemple.</p>

<p>Le club ARADA rassemble les amateurs d’Alpine et Renault anciennes et / ou sportives en Drôme – Ardèche Nous sommes une association de type loi 1901 l’ARADA compte une cinquantaine de membre. Notre bureau&#46;&#46;&#46;</p>
