{"id":645,"date":"2021-12-10T16:28:23","date_gmt":"2021-12-10T15:28:23","guid":{"rendered":"http:\/\/club-arada.fr\/?page_id=645"},"modified":"2021-12-10T16:28:23","modified_gmt":"2021-12-10T15:28:23","slug":"journee-portes-ouvertes-renault-juin-2017","status":"publish","type":"page","link":"http:\/\/club-arada.fr\/index.php\/journee-portes-ouvertes-renault-juin-2017\/","title":{"rendered":"Journ\u00e9e portes ouvertes Renault juin 2017"},"content":{"rendered":"\n<p>Afin de remercier Renault Valence pour son soutien \u00e0 notre manifestation de Septembre, nous avons expos\u00e9 quelques une de nos autos lors de leur journ\u00e9e portes ouvertes en juin (photos MT GR)<\/p>\n\n\n\n<figure class=\"wp-block-image size-full\"><img loading=\"lazy\" width=\"945\" height=\"630\" src=\"http:\/\/club-arada.fr\/wp-content\/uploads\/2021\/12\/image-500.png\" alt=\"\" class=\"wp-image-646\" srcset=\"http:\/\/club-arada.fr\/wp-content\/uploads\/2021\/12\/image-500.png 945w, http:\/\/club-arada.fr\/wp-content\/uploads\/2021\/12\/image-500-300x200.png 300w, http:\/\/club-arada.fr\/wp-content\/uploads\/2021\/12\/image-500-768x512.png 768w\" sizes=\"(max-width: 945px) 100vw, 945px\" \/><\/figure>\n\n\n\n<figure class=\"wp-block-image size-full\"><img loading=\"lazy\" width=\"945\" height=\"630\" src=\"http:\/\/club-arada.fr\/wp-content\/uploads\/2021\/12\/image-501.png\" alt=\"\" class=\"wp-image-647\" srcset=\"http:\/\/club-arada.fr\/wp-content\/uploads\/2021\/12\/image-501.png 945w, http:\/\/club-arada.fr\/wp-content\/uploads\/2021\/12\/image-501-300x200.png 300w, http:\/\/club-arada.fr\/wp-content\/uploads\/2021\/12\/image-501-768x512.png 768w\" sizes=\"(max-width: 945px) 100vw, 945px\" \/><\/figure>\n\n\n\n<figure class=\"wp-block-image size-full\"><img loading=\"lazy\" width=\"945\" height=\"630\" src=\"http:\/\/club-arada.fr\/wp-content\/uploads\/2021\/12\/image-502.png\" alt=\"\" class=\"wp-image-648\" srcset=\"http:\/\/club-arada.fr\/wp-content\/uploads\/2021\/12\/image-502.png 945w, http:\/\/club-arada.fr\/wp-content\/uploads\/2021\/12\/image-502-300x200.png 300w, http:\/\/club-arada.fr\/wp-content\/uploads\/2021\/12\/image-502-768x512.png 768w\" sizes=\"(max-width: 945px) 100vw, 945px\" \/><\/figure>\n\n\n\n<figure class=\"wp-block-image size-full\"><img loading=\"lazy\" width=\"945\" height=\"630\" src=\"http:\/\/club-arada.fr\/wp-content\/uploads\/2021\/12\/image-503.png\" alt=\"\" class=\"wp-image-649\" srcset=\"http:\/\/club-arada.fr\/wp-content\/uploads\/2021\/12\/image-503.png 945w, http:\/\/club-arada.fr\/wp-content\/uploads\/2021\/12\/image-503-300x200.png 300w, http:\/\/club-arada.fr\/wp-content\/uploads\/2021\/12\/image-503-768x512.png 768w\" sizes=\"(max-width: 945px) 100vw, 945px\" \/><\/figure>\n\n\n\n<figure class=\"wp-block-image size-full\"><img loading=\"lazy\" width=\"945\" height=\"630\" src=\"http:\/\/club-arada.fr\/wp-content\/uploads\/2021\/12\/image-504.png\" alt=\"\" class=\"wp-image-650\" srcset=\"http:\/\/club-arada.fr\/wp-content\/uploads\/2021\/12\/image-504.png 945w, http:\/\/club-arada.fr\/wp-content\/uploads\/2021\/12\/image-504-300x200.png 300w, http:\/\/club-arada.fr\/wp-content\/uploads\/2021\/12\/image-504-768x512.png 768w\" sizes=\"(max-width: 945px) 100vw, 945px\" \/><\/figure>\n\n\n\n<figure class=\"wp-block-image size-full\"><img loading=\"lazy\" width=\"945\" height=\"630\" src=\"http:\/\/club-arada.fr\/wp-content\/uploads\/2021\/12\/image-505.png\" alt=\"\" class=\"wp-image-651\" srcset=\"http:\/\/club-arada.fr\/wp-content\/uploads\/2021\/12\/image-505.png 945w, http:\/\/club-arada.fr\/wp-content\/uploads\/2021\/12\/image-505-300x200.png 300w, http:\/\/club-arada.fr\/wp-content\/uploads\/2021\/12\/image-505-768x512.png 768w\" sizes=\"(max-width: 945px) 100vw, 945px\" \/><\/figure>\n\n\n\n<figure class=\"wp-block-image size-full\"><img loading=\"lazy\" width=\"945\" height=\"630\" src=\"http:\/\/club-arada.fr\/wp-content\/uploads\/2021\/12\/image-506.png\" alt=\"\" class=\"wp-image-652\" srcset=\"http:\/\/club-arada.fr\/wp-content\/uploads\/2021\/12\/image-506.png 945w, http:\/\/club-arada.fr\/wp-content\/uploads\/2021\/12\/image-506-300x200.png 300w, http:\/\/club-arada.fr\/wp-content\/uploads\/2021\/12\/image-506-768x512.png 768w\" sizes=\"(max-width: 945px) 100vw, 945px\" \/><\/figure>\n\n\n\n<figure class=\"wp-block-image size-full\"><img loading=\"lazy\" width=\"945\" height=\"630\" src=\"http:\/\/club-arada.fr\/wp-content\/uploads\/2021\/12\/image-507.png\" alt=\"\" class=\"wp-image-653\" srcset=\"http:\/\/club-arada.fr\/wp-content\/uploads\/2021\/12\/image-507.png 945w, http:\/\/club-arada.fr\/wp-content\/uploads\/2021\/12\/image-507-300x200.png 300w, http:\/\/club-arada.fr\/wp-content\/uploads\/2021\/12\/image-507-768x512.png 768w\" sizes=\"(max-width: 945px) 100vw, 945px\" \/><\/figure>\n\n\n\n<figure class=\"wp-block-image size-full\"><img loading=\"lazy\" width=\"945\" height=\"630\" src=\"http:\/\/club-arada.fr\/wp-content\/uploads\/2021\/12\/image-508.png\" alt=\"\" class=\"wp-image-654\" srcset=\"http:\/\/club-arada.fr\/wp-content\/uploads\/2021\/12\/image-508.png 945w, http:\/\/club-arada.fr\/wp-content\/uploads\/2021\/12\/image-508-300x200.png 300w, http:\/\/club-arada.fr\/wp-content\/uploads\/2021\/12\/image-508-768x512.png 768w\" sizes=\"(max-width: 945px) 100vw, 945px\" \/><\/figure>\n\n\n\n<figure class=\"wp-block-image size-full\"><img loading=\"lazy\" width=\"945\" height=\"630\" src=\"http:\/\/club-arada.fr\/wp-content\/uploads\/2021\/12\/image-509.png\" alt=\"\" class=\"wp-image-655\" srcset=\"http:\/\/club-arada.fr\/wp-content\/uploads\/2021\/12\/image-509.png 945w, http:\/\/club-arada.fr\/wp-content\/uploads\/2021\/12\/image-509-300x200.png 300w, http:\/\/club-arada.fr\/wp-content\/uploads\/2021\/12\/image-509-768x512.png 768w\" sizes=\"(max-width: 945px) 100vw, 945px\" \/><\/figure>\n\n\n\n<p><a href=\"https:\/\/web.archive.org\/web\/20210404090642\/http:\/club-arada.fr\/2017\/06\/24\/journee-portes-ouvertes-renault-juin-2017\/img_6695\/\"><\/a><\/p>\n","protected":false},"excerpt":{"rendered":"<p>Afin de remercier Renault Valence pour son soutien \u00e0 notre manifestation de Septembre, nous avons expos\u00e9 quelques une de nos autos lors de leur journ\u00e9e portes ouvertes en juin (photos MT GR)<\/p>\n","protected":false},"author":1,"featured_media":0,"parent":0,"menu_order":0,"comment_status":"closed","ping_status":"closed","template":"","meta":[],"_links":{"self":[{"href":"http:\/\/club-arada.fr\/index.php\/wp-json\/wp\/v2\/pages\/645"}],"collection":[{"href":"http:\/\/club-arada.fr\/index.php\/wp-json\/wp\/v2\/pages"}],"about":[{"href":"http:\/\/club-arada.fr\/index.php\/wp-json\/wp\/v2\/types\/page"}],"author":[{"embeddable":true,"href":"http:\/\/club-arada.fr\/index.php\/wp-json\/wp\/v2\/users\/1"}],"replies":[{"embeddable":true,"href":"http:\/\/club-arada.fr\/index.php\/wp-json\/wp\/v2\/comments?post=645"}],"version-history":[{"count":1,"href":"http:\/\/club-arada.fr\/index.php\/wp-json\/wp\/v2\/pages\/645\/revisions"}],"predecessor-version":[{"id":656,"href":"http:\/\/club-arada.fr\/index.php\/wp-json\/wp\/v2\/pages\/645\/revisions\/656"}],"wp:attachment":[{"href":"http:\/\/club-arada.fr\/index.php\/wp-json\/wp\/v2\/media?parent=645"}],"curies":[{"name":"wp","href":"https:\/\/api.w.org\/{rel}","templated":true}]}}

Journée portes ouvertes Renault juin 2017

<p>Afin de remercier Renault Valence pour son soutien à notre manifestation de Septembre, nous avons exposé quelques une de nos autos lors de leur journée portes ouvertes en juin (photos MT GR)</p>



<figure class="wp-block-image size-full"><img loading="lazy" width="945" height="630" src="http://club-arada.fr/wp-content/uploads/2021/12/image-500.png" alt="" class="wp-image-646" srcset="http://club-arada.fr/wp-content/uploads/2021/12/image-500.png 945w, http://club-arada.fr/wp-content/uploads/2021/12/image-500-300x200.png 300w, http://club-arada.fr/wp-content/uploads/2021/12/image-500-768x512.png 768w" sizes="(max-width: 945px) 100vw, 945px" /></figure>



<figure class="wp-block-image size-full"><img loading="lazy" width="945" height="630" src="http://club-arada.fr/wp-content/uploads/2021/12/image-501.png" alt="" class="wp-image-647" srcset="http://club-arada.fr/wp-content/uploads/2021/12/image-501.png 945w, http://club-arada.fr/wp-content/uploads/2021/12/image-501-300x200.png 300w, http://club-arada.fr/wp-content/uploads/2021/12/image-501-768x512.png 768w" sizes="(max-width: 945px) 100vw, 945px" /></figure>



<figure class="wp-block-image size-full"><img loading="lazy" width="945" height="630" src="http://club-arada.fr/wp-content/uploads/2021/12/image-502.png" alt="" class="wp-image-648" srcset="http://club-arada.fr/wp-content/uploads/2021/12/image-502.png 945w, http://club-arada.fr/wp-content/uploads/2021/12/image-502-300x200.png 300w, http://club-arada.fr/wp-content/uploads/2021/12/image-502-768x512.png 768w" sizes="(max-width: 945px) 100vw, 945px" /></figure>



<figure class="wp-block-image size-full"><img loading="lazy" width="945" height="630" src="http://club-arada.fr/wp-content/uploads/2021/12/image-503.png" alt="" class="wp-image-649" srcset="http://club-arada.fr/wp-content/uploads/2021/12/image-503.png 945w, http://club-arada.fr/wp-content/uploads/2021/12/image-503-300x200.png 300w, http://club-arada.fr/wp-content/uploads/2021/12/image-503-768x512.png 768w" sizes="(max-width: 945px) 100vw, 945px" /></figure>



<figure class="wp-block-image size-full"><img loading="lazy" width="945" height="630" src="http://club-arada.fr/wp-content/uploads/2021/12/image-504.png" alt="" class="wp-image-650" srcset="http://club-arada.fr/wp-content/uploads/2021/12/image-504.png 945w, http://club-arada.fr/wp-content/uploads/2021/12/image-504-300x200.png 300w, http://club-arada.fr/wp-content/uploads/2021/12/image-504-768x512.png 768w" sizes="(max-width: 945px) 100vw, 945px" /></figure>



<figure class="wp-block-image size-full"><img loading="lazy" width="945" height="630" src="http://club-arada.fr/wp-content/uploads/2021/12/image-505.png" alt="" class="wp-image-651" srcset="http://club-arada.fr/wp-content/uploads/2021/12/image-505.png 945w, http://club-arada.fr/wp-content/uploads/2021/12/image-505-300x200.png 300w, http://club-arada.fr/wp-content/uploads/2021/12/image-505-768x512.png 768w" sizes="(max-width: 945px) 100vw, 945px" /></figure>



<figure class="wp-block-image size-full"><img loading="lazy" width="945" height="630" src="http://club-arada.fr/wp-content/uploads/2021/12/image-506.png" alt="" class="wp-image-652" srcset="http://club-arada.fr/wp-content/uploads/2021/12/image-506.png 945w, http://club-arada.fr/wp-content/uploads/2021/12/image-506-300x200.png 300w, http://club-arada.fr/wp-content/uploads/2021/12/image-506-768x512.png 768w" sizes="(max-width: 945px) 100vw, 945px" /></figure>



<figure class="wp-block-image size-full"><img loading="lazy" width="945" height="630" src="http://club-arada.fr/wp-content/uploads/2021/12/image-507.png" alt="" class="wp-image-653" srcset="http://club-arada.fr/wp-content/uploads/2021/12/image-507.png 945w, http://club-arada.fr/wp-content/uploads/2021/12/image-507-300x200.png 300w, http://club-arada.fr/wp-content/uploads/2021/12/image-507-768x512.png 768w" sizes="(max-width: 945px) 100vw, 945px" /></figure>



<figure class="wp-block-image size-full"><img loading="lazy" width="945" height="630" src="http://club-arada.fr/wp-content/uploads/2021/12/image-508.png" alt="" class="wp-image-654" srcset="http://club-arada.fr/wp-content/uploads/2021/12/image-508.png 945w, http://club-arada.fr/wp-content/uploads/2021/12/image-508-300x200.png 300w, http://club-arada.fr/wp-content/uploads/2021/12/image-508-768x512.png 768w" sizes="(max-width: 945px) 100vw, 945px" /></figure>



<figure class="wp-block-image size-full"><img loading="lazy" width="945" height="630" src="http://club-arada.fr/wp-content/uploads/2021/12/image-509.png" alt="" class="wp-image-655" srcset="http://club-arada.fr/wp-content/uploads/2021/12/image-509.png 945w, http://club-arada.fr/wp-content/uploads/2021/12/image-509-300x200.png 300w, http://club-arada.fr/wp-content/uploads/2021/12/image-509-768x512.png 768w" sizes="(max-width: 945px) 100vw, 945px" /></figure>



<p><a href="https://web.archive.org/web/20210404090642/http:/club-arada.fr/2017/06/24/journee-portes-ouvertes-renault-juin-2017/img_6695/"></a></p>

<p>Afin de remercier Renault Valence pour son soutien à notre manifestation de Septembre, nous avons exposé quelques une de nos autos lors de leur journée portes ouvertes en juin (photos MT GR)</p>
