{"id":1412,"date":"2021-12-13T11:06:33","date_gmt":"2021-12-13T10:06:33","guid":{"rendered":"http:\/\/club-arada.fr\/?page_id=1412"},"modified":"2021-12-13T11:06:33","modified_gmt":"2021-12-13T10:06:33","slug":"clio-williams","status":"publish","type":"page","link":"http:\/\/club-arada.fr\/index.php\/clio-williams\/","title":{"rendered":"Clio Williams"},"content":{"rendered":"\n<p>CLIO. WILLIAMS. Type C57M05, 10CV fiscaux, 150CV DIN, Ph2<br>Il s agit d\u2019un exemplaire num\u00e9rot\u00e9 (N\u00b06019). Elle est du 10\/10\/1994.<br>Cette voiture appartenait \u00e0 un membre qui l\u2019a vendue, puis retrouv\u00e9e et rachet\u00e9e quelques ann\u00e9es apr\u00e9s. Elle a alors \u00e9t\u00e9 repeinte.<\/p>\n\n\n\n<figure class=\"wp-block-image size-full\"><img loading=\"lazy\" width=\"945\" height=\"709\" src=\"http:\/\/club-arada.fr\/wp-content\/uploads\/2021\/12\/image-1129.png\" alt=\"\" class=\"wp-image-1413\" srcset=\"http:\/\/club-arada.fr\/wp-content\/uploads\/2021\/12\/image-1129.png 945w, http:\/\/club-arada.fr\/wp-content\/uploads\/2021\/12\/image-1129-300x225.png 300w, http:\/\/club-arada.fr\/wp-content\/uploads\/2021\/12\/image-1129-768x576.png 768w\" sizes=\"(max-width: 945px) 100vw, 945px\" \/><\/figure>\n\n\n\n<figure class=\"wp-block-image size-full\"><img loading=\"lazy\" width=\"800\" height=\"600\" src=\"http:\/\/club-arada.fr\/wp-content\/uploads\/2021\/12\/image-1130.png\" alt=\"\" class=\"wp-image-1414\" srcset=\"http:\/\/club-arada.fr\/wp-content\/uploads\/2021\/12\/image-1130.png 800w, http:\/\/club-arada.fr\/wp-content\/uploads\/2021\/12\/image-1130-300x225.png 300w, http:\/\/club-arada.fr\/wp-content\/uploads\/2021\/12\/image-1130-768x576.png 768w\" sizes=\"(max-width: 800px) 100vw, 800px\" \/><\/figure>\n","protected":false},"excerpt":{"rendered":"<p>CLIO. WILLIAMS. Type C57M05, 10CV fiscaux, 150CV DIN, Ph2Il s agit d\u2019un exemplaire num\u00e9rot\u00e9 (N\u00b06019). Elle est du 10\/10\/1994.Cette voiture appartenait \u00e0 un membre qui l\u2019a vendue, puis retrouv\u00e9e et rachet\u00e9e quelques ann\u00e9es apr\u00e9s.&#46;&#46;&#46;<\/p>\n","protected":false},"author":1,"featured_media":0,"parent":0,"menu_order":0,"comment_status":"closed","ping_status":"closed","template":"","meta":[],"_links":{"self":[{"href":"http:\/\/club-arada.fr\/index.php\/wp-json\/wp\/v2\/pages\/1412"}],"collection":[{"href":"http:\/\/club-arada.fr\/index.php\/wp-json\/wp\/v2\/pages"}],"about":[{"href":"http:\/\/club-arada.fr\/index.php\/wp-json\/wp\/v2\/types\/page"}],"author":[{"embeddable":true,"href":"http:\/\/club-arada.fr\/index.php\/wp-json\/wp\/v2\/users\/1"}],"replies":[{"embeddable":true,"href":"http:\/\/club-arada.fr\/index.php\/wp-json\/wp\/v2\/comments?post=1412"}],"version-history":[{"count":1,"href":"http:\/\/club-arada.fr\/index.php\/wp-json\/wp\/v2\/pages\/1412\/revisions"}],"predecessor-version":[{"id":1415,"href":"http:\/\/club-arada.fr\/index.php\/wp-json\/wp\/v2\/pages\/1412\/revisions\/1415"}],"wp:attachment":[{"href":"http:\/\/club-arada.fr\/index.php\/wp-json\/wp\/v2\/media?parent=1412"}],"curies":[{"name":"wp","href":"https:\/\/api.w.org\/{rel}","templated":true}]}}