{"id":1387,"date":"2021-12-13T11:02:23","date_gmt":"2021-12-13T10:02:23","guid":{"rendered":"http:\/\/club-arada.fr\/?page_id=1387"},"modified":"2021-12-13T11:02:23","modified_gmt":"2021-12-13T10:02:23","slug":"a110-1300g-1968","status":"publish","type":"page","link":"http:\/\/club-arada.fr\/index.php\/a110-1300g-1968\/","title":{"rendered":"A110 \u2013 1300G \u2013 1968"},"content":{"rendered":"\n<p><strong>Apr\u00e8s r\u00e9novation<\/strong><\/p>\n\n\n\n<figure class=\"wp-block-image size-full\"><img loading=\"lazy\" width=\"945\" height=\"653\" src=\"http:\/\/club-arada.fr\/wp-content\/uploads\/2021\/12\/image-1120.png\" alt=\"\" class=\"wp-image-1388\" srcset=\"http:\/\/club-arada.fr\/wp-content\/uploads\/2021\/12\/image-1120.png 945w, http:\/\/club-arada.fr\/wp-content\/uploads\/2021\/12\/image-1120-300x207.png 300w, http:\/\/club-arada.fr\/wp-content\/uploads\/2021\/12\/image-1120-768x531.png 768w\" sizes=\"(max-width: 945px) 100vw, 945px\" \/><\/figure>\n\n\n\n<p><strong>Avant r\u00e9novation<\/strong><\/p>\n\n\n\n<figure class=\"wp-block-image size-full\"><img loading=\"lazy\" width=\"945\" height=\"672\" src=\"http:\/\/club-arada.fr\/wp-content\/uploads\/2021\/12\/image-1121.png\" alt=\"\" class=\"wp-image-1389\" srcset=\"http:\/\/club-arada.fr\/wp-content\/uploads\/2021\/12\/image-1121.png 945w, http:\/\/club-arada.fr\/wp-content\/uploads\/2021\/12\/image-1121-300x213.png 300w, http:\/\/club-arada.fr\/wp-content\/uploads\/2021\/12\/image-1121-768x546.png 768w\" sizes=\"(max-width: 945px) 100vw, 945px\" \/><\/figure>\n","protected":false},"excerpt":{"rendered":"<p>Apr\u00e8s r\u00e9novation Avant r\u00e9novation<\/p>\n","protected":false},"author":1,"featured_media":0,"parent":0,"menu_order":0,"comment_status":"closed","ping_status":"closed","template":"","meta":[],"_links":{"self":[{"href":"http:\/\/club-arada.fr\/index.php\/wp-json\/wp\/v2\/pages\/1387"}],"collection":[{"href":"http:\/\/club-arada.fr\/index.php\/wp-json\/wp\/v2\/pages"}],"about":[{"href":"http:\/\/club-arada.fr\/index.php\/wp-json\/wp\/v2\/types\/page"}],"author":[{"embeddable":true,"href":"http:\/\/club-arada.fr\/index.php\/wp-json\/wp\/v2\/users\/1"}],"replies":[{"embeddable":true,"href":"http:\/\/club-arada.fr\/index.php\/wp-json\/wp\/v2\/comments?post=1387"}],"version-history":[{"count":1,"href":"http:\/\/club-arada.fr\/index.php\/wp-json\/wp\/v2\/pages\/1387\/revisions"}],"predecessor-version":[{"id":1390,"href":"http:\/\/club-arada.fr\/index.php\/wp-json\/wp\/v2\/pages\/1387\/revisions\/1390"}],"wp:attachment":[{"href":"http:\/\/club-arada.fr\/index.php\/wp-json\/wp\/v2\/media?parent=1387"}],"curies":[{"name":"wp","href":"https:\/\/api.w.org\/{rel}","templated":true}]}}