{"id":1330,"date":"2021-12-13T10:46:23","date_gmt":"2021-12-13T09:46:23","guid":{"rendered":"http:\/\/club-arada.fr\/?page_id=1330"},"modified":"2021-12-13T10:46:23","modified_gmt":"2021-12-13T09:46:23","slug":"en-visite-au-centre-alpine-valence","status":"publish","type":"page","link":"http:\/\/club-arada.fr\/index.php\/en-visite-au-centre-alpine-valence\/","title":{"rendered":"En visite au centre Alpine Valence"},"content":{"rendered":"\n<p><a href=\"https:\/\/web.archive.org\/web\/20210414111307\/http:\/club-arada.fr\/accueil\/dsc_0497\/\"><\/a>La France compte d\u00e9sormais 19 centres Alpine, nous avons la chance d\u2019en avoir 1 \u00e0 Valence, nous y sommes all\u00e9s.<\/p>\n\n\n\n<figure class=\"wp-block-image size-full\"><img loading=\"lazy\" width=\"945\" height=\"630\" src=\"http:\/\/club-arada.fr\/wp-content\/uploads\/2021\/12\/image-1092.png\" alt=\"\" class=\"wp-image-1331\" srcset=\"http:\/\/club-arada.fr\/wp-content\/uploads\/2021\/12\/image-1092.png 945w, http:\/\/club-arada.fr\/wp-content\/uploads\/2021\/12\/image-1092-300x200.png 300w, http:\/\/club-arada.fr\/wp-content\/uploads\/2021\/12\/image-1092-768x512.png 768w\" sizes=\"(max-width: 945px) 100vw, 945px\" \/><\/figure>\n\n\n\n<p>L\u2019A110 berlinette y a fait bonne figure le temps que ses cons\u0153urs plus r\u00e9centes la rejoigne<\/p>\n\n\n\n<p>Une A310 de 1977 la rejointe<\/p>\n\n\n\n<figure class=\"wp-block-image size-full\"><img loading=\"lazy\" width=\"945\" height=\"630\" src=\"http:\/\/club-arada.fr\/wp-content\/uploads\/2021\/12\/image-1093.png\" alt=\"\" class=\"wp-image-1332\" srcset=\"http:\/\/club-arada.fr\/wp-content\/uploads\/2021\/12\/image-1093.png 945w, http:\/\/club-arada.fr\/wp-content\/uploads\/2021\/12\/image-1093-300x200.png 300w, http:\/\/club-arada.fr\/wp-content\/uploads\/2021\/12\/image-1093-768x512.png 768w\" sizes=\"(max-width: 945px) 100vw, 945px\" \/><\/figure>\n\n\n\n<p><a href=\"https:\/\/web.archive.org\/web\/20210414111307\/http:\/club-arada.fr\/dsc_0443\/\"><\/a><\/p>\n\n\n\n<p>pour petit \u00e0 petit laisser la place aux autos actuelles<\/p>\n\n\n\n<figure class=\"wp-block-image size-full\"><img loading=\"lazy\" width=\"945\" height=\"630\" src=\"http:\/\/club-arada.fr\/wp-content\/uploads\/2021\/12\/image-1094.png\" alt=\"\" class=\"wp-image-1333\" srcset=\"http:\/\/club-arada.fr\/wp-content\/uploads\/2021\/12\/image-1094.png 945w, http:\/\/club-arada.fr\/wp-content\/uploads\/2021\/12\/image-1094-300x200.png 300w, http:\/\/club-arada.fr\/wp-content\/uploads\/2021\/12\/image-1094-768x512.png 768w\" sizes=\"(max-width: 945px) 100vw, 945px\" \/><\/figure>\n\n\n\n<figure class=\"wp-block-image size-full\"><img loading=\"lazy\" width=\"945\" height=\"630\" src=\"http:\/\/club-arada.fr\/wp-content\/uploads\/2021\/12\/image-1095.png\" alt=\"\" class=\"wp-image-1334\" srcset=\"http:\/\/club-arada.fr\/wp-content\/uploads\/2021\/12\/image-1095.png 945w, http:\/\/club-arada.fr\/wp-content\/uploads\/2021\/12\/image-1095-300x200.png 300w, http:\/\/club-arada.fr\/wp-content\/uploads\/2021\/12\/image-1095-768x512.png 768w\" sizes=\"(max-width: 945px) 100vw, 945px\" \/><\/figure>\n\n\n\n<p><a href=\"https:\/\/web.archive.org\/web\/20210414111307\/http:\/club-arada.fr\/dsc_0496\/\"><\/a><\/p>\n\n\n\n<p><a href=\"https:\/\/web.archive.org\/web\/20210414111307\/http:\/club-arada.fr\/dsc_0499\/\"><\/a><\/p>\n\n\n\n<p>Une fois le cache moteur enlev\u00e9 on s\u2019aper\u00e7oit \u2026 qu\u2019il ne faut pas de gros doigts pour y travailler dedans.<\/p>\n\n\n\n<figure class=\"wp-block-image size-full\"><img loading=\"lazy\" width=\"945\" height=\"630\" src=\"http:\/\/club-arada.fr\/wp-content\/uploads\/2021\/12\/image-1096.png\" alt=\"\" class=\"wp-image-1335\" srcset=\"http:\/\/club-arada.fr\/wp-content\/uploads\/2021\/12\/image-1096.png 945w, http:\/\/club-arada.fr\/wp-content\/uploads\/2021\/12\/image-1096-300x200.png 300w, http:\/\/club-arada.fr\/wp-content\/uploads\/2021\/12\/image-1096-768x512.png 768w\" sizes=\"(max-width: 945px) 100vw, 945px\" \/><\/figure>\n\n\n\n<p><a href=\"https:\/\/web.archive.org\/web\/20210414111307\/http:\/club-arada.fr\/dsc_0500\/\"><\/a><\/p>\n\n\n\n<p>Int\u00e9rieur de la premi\u00e8re \u00e9dition<\/p>\n\n\n\n<figure class=\"wp-block-image size-full\"><img loading=\"lazy\" width=\"945\" height=\"630\" src=\"http:\/\/club-arada.fr\/wp-content\/uploads\/2021\/12\/image-1097.png\" alt=\"\" class=\"wp-image-1336\" srcset=\"http:\/\/club-arada.fr\/wp-content\/uploads\/2021\/12\/image-1097.png 945w, http:\/\/club-arada.fr\/wp-content\/uploads\/2021\/12\/image-1097-300x200.png 300w, http:\/\/club-arada.fr\/wp-content\/uploads\/2021\/12\/image-1097-768x512.png 768w\" sizes=\"(max-width: 945px) 100vw, 945px\" \/><\/figure>\n\n\n\n<p><a href=\"https:\/\/web.archive.org\/web\/20210414111307\/http:\/club-arada.fr\/dsc_0498\/\"><\/a><\/p>\n\n\n\n<p>Le centre Alpine c\u2019est \u00e9galement un coin de convivialit\u00e9 personnalis\u00e9 aux couleurs de la marque<\/p>\n\n\n\n<figure class=\"wp-block-image size-full\"><img loading=\"lazy\" width=\"945\" height=\"630\" src=\"http:\/\/club-arada.fr\/wp-content\/uploads\/2021\/12\/image-1098.png\" alt=\"\" class=\"wp-image-1337\" srcset=\"http:\/\/club-arada.fr\/wp-content\/uploads\/2021\/12\/image-1098.png 945w, http:\/\/club-arada.fr\/wp-content\/uploads\/2021\/12\/image-1098-300x200.png 300w, http:\/\/club-arada.fr\/wp-content\/uploads\/2021\/12\/image-1098-768x512.png 768w\" sizes=\"(max-width: 945px) 100vw, 945px\" \/><\/figure>\n\n\n\n<p><a href=\"https:\/\/web.archive.org\/web\/20210414111307\/http:\/club-arada.fr\/dsc_0501\/\"><\/a><\/p>\n\n\n\n<p>Tout cela est g\u00e9r\u00e9 par Baptiste qui se fait une joie d\u2019accueillir les fans et les client.<\/p>\n","protected":false},"excerpt":{"rendered":"<p>La France compte d\u00e9sormais 19 centres Alpine, nous avons la chance d\u2019en avoir 1 \u00e0 Valence, nous y sommes all\u00e9s. L\u2019A110 berlinette y a fait bonne figure le temps que ses cons\u0153urs plus r\u00e9centes&#46;&#46;&#46;<\/p>\n","protected":false},"author":1,"featured_media":0,"parent":0,"menu_order":0,"comment_status":"closed","ping_status":"closed","template":"","meta":[],"_links":{"self":[{"href":"http:\/\/club-arada.fr\/index.php\/wp-json\/wp\/v2\/pages\/1330"}],"collection":[{"href":"http:\/\/club-arada.fr\/index.php\/wp-json\/wp\/v2\/pages"}],"about":[{"href":"http:\/\/club-arada.fr\/index.php\/wp-json\/wp\/v2\/types\/page"}],"author":[{"embeddable":true,"href":"http:\/\/club-arada.fr\/index.php\/wp-json\/wp\/v2\/users\/1"}],"replies":[{"embeddable":true,"href":"http:\/\/club-arada.fr\/index.php\/wp-json\/wp\/v2\/comments?post=1330"}],"version-history":[{"count":1,"href":"http:\/\/club-arada.fr\/index.php\/wp-json\/wp\/v2\/pages\/1330\/revisions"}],"predecessor-version":[{"id":1338,"href":"http:\/\/club-arada.fr\/index.php\/wp-json\/wp\/v2\/pages\/1330\/revisions\/1338"}],"wp:attachment":[{"href":"http:\/\/club-arada.fr\/index.php\/wp-json\/wp\/v2\/media?parent=1330"}],"curies":[{"name":"wp","href":"https:\/\/api.w.org\/{rel}","templated":true}]}}

<p><a href="https://web.archive.org/web/20210414111307/http:/club-arada.fr/accueil/dsc_0497/"></a>La France compte désormais 19 centres Alpine, nous avons la chance d’en avoir 1 à Valence, nous y sommes allés.</p>



<figure class="wp-block-image size-full"><img loading="lazy" width="945" height="630" src="http://club-arada.fr/wp-content/uploads/2021/12/image-1092.png" alt="" class="wp-image-1331" srcset="http://club-arada.fr/wp-content/uploads/2021/12/image-1092.png 945w, http://club-arada.fr/wp-content/uploads/2021/12/image-1092-300x200.png 300w, http://club-arada.fr/wp-content/uploads/2021/12/image-1092-768x512.png 768w" sizes="(max-width: 945px) 100vw, 945px" /></figure>



<p>L’A110 berlinette y a fait bonne figure le temps que ses consœurs plus récentes la rejoigne</p>



<p>Une A310 de 1977 la rejointe</p>



<figure class="wp-block-image size-full"><img loading="lazy" width="945" height="630" src="http://club-arada.fr/wp-content/uploads/2021/12/image-1093.png" alt="" class="wp-image-1332" srcset="http://club-arada.fr/wp-content/uploads/2021/12/image-1093.png 945w, http://club-arada.fr/wp-content/uploads/2021/12/image-1093-300x200.png 300w, http://club-arada.fr/wp-content/uploads/2021/12/image-1093-768x512.png 768w" sizes="(max-width: 945px) 100vw, 945px" /></figure>



<p><a href="https://web.archive.org/web/20210414111307/http:/club-arada.fr/dsc_0443/"></a></p>



<p>pour petit à petit laisser la place aux autos actuelles</p>



<figure class="wp-block-image size-full"><img loading="lazy" width="945" height="630" src="http://club-arada.fr/wp-content/uploads/2021/12/image-1094.png" alt="" class="wp-image-1333" srcset="http://club-arada.fr/wp-content/uploads/2021/12/image-1094.png 945w, http://club-arada.fr/wp-content/uploads/2021/12/image-1094-300x200.png 300w, http://club-arada.fr/wp-content/uploads/2021/12/image-1094-768x512.png 768w" sizes="(max-width: 945px) 100vw, 945px" /></figure>



<figure class="wp-block-image size-full"><img loading="lazy" width="945" height="630" src="http://club-arada.fr/wp-content/uploads/2021/12/image-1095.png" alt="" class="wp-image-1334" srcset="http://club-arada.fr/wp-content/uploads/2021/12/image-1095.png 945w, http://club-arada.fr/wp-content/uploads/2021/12/image-1095-300x200.png 300w, http://club-arada.fr/wp-content/uploads/2021/12/image-1095-768x512.png 768w" sizes="(max-width: 945px) 100vw, 945px" /></figure>



<p><a href="https://web.archive.org/web/20210414111307/http:/club-arada.fr/dsc_0496/"></a></p>



<p><a href="https://web.archive.org/web/20210414111307/http:/club-arada.fr/dsc_0499/"></a></p>



<p>Une fois le cache moteur enlevé on s’aperçoit … qu’il ne faut pas de gros doigts pour y travailler dedans.</p>



<figure class="wp-block-image size-full"><img loading="lazy" width="945" height="630" src="http://club-arada.fr/wp-content/uploads/2021/12/image-1096.png" alt="" class="wp-image-1335" srcset="http://club-arada.fr/wp-content/uploads/2021/12/image-1096.png 945w, http://club-arada.fr/wp-content/uploads/2021/12/image-1096-300x200.png 300w, http://club-arada.fr/wp-content/uploads/2021/12/image-1096-768x512.png 768w" sizes="(max-width: 945px) 100vw, 945px" /></figure>



<p><a href="https://web.archive.org/web/20210414111307/http:/club-arada.fr/dsc_0500/"></a></p>



<p>Intérieur de la première édition</p>



<figure class="wp-block-image size-full"><img loading="lazy" width="945" height="630" src="http://club-arada.fr/wp-content/uploads/2021/12/image-1097.png" alt="" class="wp-image-1336" srcset="http://club-arada.fr/wp-content/uploads/2021/12/image-1097.png 945w, http://club-arada.fr/wp-content/uploads/2021/12/image-1097-300x200.png 300w, http://club-arada.fr/wp-content/uploads/2021/12/image-1097-768x512.png 768w" sizes="(max-width: 945px) 100vw, 945px" /></figure>



<p><a href="https://web.archive.org/web/20210414111307/http:/club-arada.fr/dsc_0498/"></a></p>



<p>Le centre Alpine c’est également un coin de convivialité personnalisé aux couleurs de la marque</p>



<figure class="wp-block-image size-full"><img loading="lazy" width="945" height="630" src="http://club-arada.fr/wp-content/uploads/2021/12/image-1098.png" alt="" class="wp-image-1337" srcset="http://club-arada.fr/wp-content/uploads/2021/12/image-1098.png 945w, http://club-arada.fr/wp-content/uploads/2021/12/image-1098-300x200.png 300w, http://club-arada.fr/wp-content/uploads/2021/12/image-1098-768x512.png 768w" sizes="(max-width: 945px) 100vw, 945px" /></figure>



<p><a href="https://web.archive.org/web/20210414111307/http:/club-arada.fr/dsc_0501/"></a></p>



<p>Tout cela est géré par Baptiste qui se fait une joie d’accueillir les fans et les client.</p>

<p>La France compte désormais 19 centres Alpine, nous avons la chance d’en avoir 1 à Valence, nous y sommes allés. L’A110 berlinette y a fait bonne figure le temps que ses consœurs plus récentes&#46;&#46;&#46;</p>
