{"id":1201,"date":"2021-12-13T10:30:22","date_gmt":"2021-12-13T09:30:22","guid":{"rendered":"http:\/\/club-arada.fr\/?page_id=1201"},"modified":"2021-12-13T10:30:22","modified_gmt":"2021-12-13T09:30:22","slug":"viree-nocturne-a-paris","status":"publish","type":"page","link":"http:\/\/club-arada.fr\/index.php\/viree-nocturne-a-paris\/","title":{"rendered":"Vir\u00e9e nocturne \u00e0 Paris"},"content":{"rendered":"\n<figure class=\"wp-block-image size-full\"><img loading=\"lazy\" width=\"945\" height=\"630\" src=\"http:\/\/club-arada.fr\/wp-content\/uploads\/2021\/12\/image-986.png\" alt=\"\" class=\"wp-image-1202\" srcset=\"http:\/\/club-arada.fr\/wp-content\/uploads\/2021\/12\/image-986.png 945w, http:\/\/club-arada.fr\/wp-content\/uploads\/2021\/12\/image-986-300x200.png 300w, http:\/\/club-arada.fr\/wp-content\/uploads\/2021\/12\/image-986-768x512.png 768w\" sizes=\"(max-width: 945px) 100vw, 945px\" \/><\/figure>\n\n\n\n<p>Depuis le d\u00e9but de l\u2019ann\u00e9e 2017, Alpine intensifie sa communication pour l\u2019arriv\u00e9e du nouveau mod\u00e8le. Tout a d\u00e9but\u00e9 le jour de l\u2019ouverture des pr\u00e9commandes pour la \u00ab\u00a0<a href=\"https:\/\/web.archive.org\/web\/20210411010923\/https:\/alpineplanet.com\/reservez-votre-alpine-a120-application\/\">Premi\u00e8re Edition<\/a>\u00a0\u00bb et pour le mod\u00e8le classique. \u00a0Par la suite l\u2019Alpine AS110 \/ A110 a commenc\u00e9 \u00e0 se montrer sous\u00a0<a href=\"https:\/\/web.archive.org\/web\/20210411010923\/https:\/alpineplanet.com\/cachez-cette-alpine-ne-saurais-voir-photo-alpine-camouflage\/\">camouflage<\/a>\u00a0permettant d\u2019y d\u00e9celer ses magnifiques lignes. La construction du futur\u00a0<a href=\"https:\/\/web.archive.org\/web\/20210411010923\/https:\/alpineplanet.com\/le-premier-showroom-alpine-en-photo\/\">Showroom Alpine<\/a>\u00a0 a facilit\u00e9 la communication, avec sa visibilit\u00e9 en r\u00e9gion parisienne, permettant de rappeler aux franciliens le marathon qu\u2019a engag\u00e9 Alpine pour cette nouvelle ann\u00e9e. Apr\u00e8s\u00a0<a href=\"https:\/\/web.archive.org\/web\/20210411010923\/https:\/alpineplanet.com\/alpine-routes-glacees-nord-de-leurope\/\">des tests dans le froid polaire<\/a>, elle nous revient plus en forme que jamais en \u00cele de France.<\/p>\n\n\n\n<p>lire la suite \u2026<\/p>\n\n\n\n<figure class=\"wp-block-embed\"><div class=\"wp-block-embed__wrapper\">\nhttps:\/\/alpineplanet.com\/lalpine-a110-as110-en-viree-nocturne-a-paris\/\n<\/div><\/figure>\n","protected":false},"excerpt":{"rendered":"<p>Depuis le d\u00e9but de l\u2019ann\u00e9e 2017, Alpine intensifie sa communication pour l\u2019arriv\u00e9e du nouveau mod\u00e8le. Tout a d\u00e9but\u00e9 le jour de l\u2019ouverture des pr\u00e9commandes pour la \u00ab\u00a0Premi\u00e8re Edition\u00a0\u00bb et pour le mod\u00e8le classique. \u00a0Par&#46;&#46;&#46;<\/p>\n","protected":false},"author":1,"featured_media":0,"parent":0,"menu_order":0,"comment_status":"closed","ping_status":"closed","template":"","meta":[],"_links":{"self":[{"href":"http:\/\/club-arada.fr\/index.php\/wp-json\/wp\/v2\/pages\/1201"}],"collection":[{"href":"http:\/\/club-arada.fr\/index.php\/wp-json\/wp\/v2\/pages"}],"about":[{"href":"http:\/\/club-arada.fr\/index.php\/wp-json\/wp\/v2\/types\/page"}],"author":[{"embeddable":true,"href":"http:\/\/club-arada.fr\/index.php\/wp-json\/wp\/v2\/users\/1"}],"replies":[{"embeddable":true,"href":"http:\/\/club-arada.fr\/index.php\/wp-json\/wp\/v2\/comments?post=1201"}],"version-history":[{"count":1,"href":"http:\/\/club-arada.fr\/index.php\/wp-json\/wp\/v2\/pages\/1201\/revisions"}],"predecessor-version":[{"id":1203,"href":"http:\/\/club-arada.fr\/index.php\/wp-json\/wp\/v2\/pages\/1201\/revisions\/1203"}],"wp:attachment":[{"href":"http:\/\/club-arada.fr\/index.php\/wp-json\/wp\/v2\/media?parent=1201"}],"curies":[{"name":"wp","href":"https:\/\/api.w.org\/{rel}","templated":true}]}}