{"id":1181,"date":"2021-12-13T10:28:40","date_gmt":"2021-12-13T09:28:40","guid":{"rendered":"http:\/\/club-arada.fr\/?page_id=1181"},"modified":"2021-12-13T10:28:40","modified_gmt":"2021-12-13T09:28:40","slug":"le-siege-de-la-nouvelle-alpine-devoile","status":"publish","type":"page","link":"http:\/\/club-arada.fr\/index.php\/le-siege-de-la-nouvelle-alpine-devoile\/","title":{"rendered":"le si\u00e8ge de la nouvelle Alpine d\u00e9voil\u00e9"},"content":{"rendered":"\n<p>Plus que 3 semaines avant que la nouvelle Alpine ne soit d\u00e9voil\u00e9e \u00e0 Gen\u00e8ve !!!<\/p>\n\n\n\n<p>en attendant , vous pouvez lire l\u2019article sur le nouveau si\u00e8ge de l\u2019auto pour vous faire patienter \u2026<\/p>\n\n\n\n<figure class=\"wp-block-embed\"><div class=\"wp-block-embed__wrapper\">\nhttps:\/\/alpineplanet.com\/alpine-devoile-un-siege-baquet-poids-plume\/\n<\/div><\/figure>\n","protected":false},"excerpt":{"rendered":"<p>Plus que 3 semaines avant que la nouvelle Alpine ne soit d\u00e9voil\u00e9e \u00e0 Gen\u00e8ve !!! en attendant , vous pouvez lire l\u2019article sur le nouveau si\u00e8ge de l\u2019auto pour vous faire patienter \u2026<\/p>\n","protected":false},"author":1,"featured_media":0,"parent":0,"menu_order":0,"comment_status":"closed","ping_status":"closed","template":"","meta":[],"_links":{"self":[{"href":"http:\/\/club-arada.fr\/index.php\/wp-json\/wp\/v2\/pages\/1181"}],"collection":[{"href":"http:\/\/club-arada.fr\/index.php\/wp-json\/wp\/v2\/pages"}],"about":[{"href":"http:\/\/club-arada.fr\/index.php\/wp-json\/wp\/v2\/types\/page"}],"author":[{"embeddable":true,"href":"http:\/\/club-arada.fr\/index.php\/wp-json\/wp\/v2\/users\/1"}],"replies":[{"embeddable":true,"href":"http:\/\/club-arada.fr\/index.php\/wp-json\/wp\/v2\/comments?post=1181"}],"version-history":[{"count":1,"href":"http:\/\/club-arada.fr\/index.php\/wp-json\/wp\/v2\/pages\/1181\/revisions"}],"predecessor-version":[{"id":1182,"href":"http:\/\/club-arada.fr\/index.php\/wp-json\/wp\/v2\/pages\/1181\/revisions\/1182"}],"wp:attachment":[{"href":"http:\/\/club-arada.fr\/index.php\/wp-json\/wp\/v2\/media?parent=1181"}],"curies":[{"name":"wp","href":"https:\/\/api.w.org\/{rel}","templated":true}]}}

le siège de la nouvelle Alpine dévoilé

<p>Plus que 3 semaines avant que la nouvelle Alpine ne soit dévoilée à Genève !!!</p>



<p>en attendant , vous pouvez lire l’article sur le nouveau siège de l’auto pour vous faire patienter …</p>



<figure class="wp-block-embed"><div class="wp-block-embed__wrapper">
https://alpineplanet.com/alpine-devoile-un-siege-baquet-poids-plume/
</div></figure>

<p>Plus que 3 semaines avant que la nouvelle Alpine ne soit dévoilée à Genève !!! en attendant , vous pouvez lire l’article sur le nouveau siège de l’auto pour vous faire patienter …</p>
