{"id":1142,"date":"2021-12-13T10:20:48","date_gmt":"2021-12-13T09:20:48","guid":{"rendered":"http:\/\/club-arada.fr\/?page_id=1142"},"modified":"2021-12-13T10:20:48","modified_gmt":"2021-12-13T09:20:48","slug":"alpine-signatech-la-presentation-2017","status":"publish","type":"page","link":"http:\/\/club-arada.fr\/index.php\/alpine-signatech-la-presentation-2017\/","title":{"rendered":"alpine signatech : la pr\u00e9sentation 2017"},"content":{"rendered":"\n<p><strong>\u00ab&nbsp;Au sein de la cat\u00e9gorie LMP2, qui fait l\u2019objet d\u2019une profonde mutation avec des voitures nettement plus performantes, Alpine est repr\u00e9sent\u00e9 avec deux prototypes A470. Les voitures, qui porteront \u00e0 nouveau les num\u00e9ros 35 et 36, seront engag\u00e9es sous la banni\u00e8re Signatech Alpine Matmut.<\/strong><\/p>\n\n\n\n<p>D\u00e9j\u00e0 partenaire de l\u2019\u00e9quipe Signatech Alpine la saison derni\u00e8re, le groupe mutualiste d\u2019assurance Matmut renforce donc sa pr\u00e9sence en s\u2019affichant comme partenaire-titre.<\/p>\n\n\n\n<p>Victorieuse de quatre \u00e9preuves en 2016 \u2013 dont les 24 Heures du Mans \u2013 et Champion dans sa cat\u00e9gorie l\u2019an pass\u00e9, la n\u00b036 endossera le r\u00f4le de candidate \u00e0 sa propre succession !<\/p>\n\n\n\n<p>D\u00e9j\u00e0 confirm\u00e9 en d\u00e9cembre dernier, Nicolas Lapierre sera le fer de lance de cet \u00e9quipage. Titr\u00e9 en compagnie de Nicolas et de Gustavo Menezes, St\u00e9phane Richelmi poursuivra \u00e9galement sa carri\u00e8re avec Alpine. Il est le premier pilote confirm\u00e9 sur l\u2019A470 n\u00b035.<\/p>\n\n\n\n<p>L\u2019\u00e9quipe Signatech Alpine Matmut annoncera prochainement les noms de ses quatre autres pilotes pour la saison 2017.&nbsp;\u00bb<\/p>\n\n\n\n<p>voir l\u2019article<\/p>\n\n\n\n<p><a href=\"https:\/\/web.archive.org\/web\/20210411105541\/http:\/www.fiawec.com\/fr\/actualites\/alpine-remet-ses-titres-lmp2-en-jeu-_4754.html\">http:\/\/www.fiawec.com\/fr\/actualites\/alpine-remet-ses-titres-lmp2-en-jeu-_4754.html<\/a><\/p>\n","protected":false},"excerpt":{"rendered":"<p>\u00ab&nbsp;Au sein de la cat\u00e9gorie LMP2, qui fait l\u2019objet d\u2019une profonde mutation avec des voitures nettement plus performantes, Alpine est repr\u00e9sent\u00e9 avec deux prototypes A470. Les voitures, qui porteront \u00e0 nouveau les num\u00e9ros 35&#46;&#46;&#46;<\/p>\n","protected":false},"author":1,"featured_media":0,"parent":0,"menu_order":0,"comment_status":"closed","ping_status":"closed","template":"","meta":[],"_links":{"self":[{"href":"http:\/\/club-arada.fr\/index.php\/wp-json\/wp\/v2\/pages\/1142"}],"collection":[{"href":"http:\/\/club-arada.fr\/index.php\/wp-json\/wp\/v2\/pages"}],"about":[{"href":"http:\/\/club-arada.fr\/index.php\/wp-json\/wp\/v2\/types\/page"}],"author":[{"embeddable":true,"href":"http:\/\/club-arada.fr\/index.php\/wp-json\/wp\/v2\/users\/1"}],"replies":[{"embeddable":true,"href":"http:\/\/club-arada.fr\/index.php\/wp-json\/wp\/v2\/comments?post=1142"}],"version-history":[{"count":1,"href":"http:\/\/club-arada.fr\/index.php\/wp-json\/wp\/v2\/pages\/1142\/revisions"}],"predecessor-version":[{"id":1143,"href":"http:\/\/club-arada.fr\/index.php\/wp-json\/wp\/v2\/pages\/1142\/revisions\/1143"}],"wp:attachment":[{"href":"http:\/\/club-arada.fr\/index.php\/wp-json\/wp\/v2\/media?parent=1142"}],"curies":[{"name":"wp","href":"https:\/\/api.w.org\/{rel}","templated":true}]}}

alpine signatech : la présentation 2017

<p><strong>«&nbsp;Au sein de la catégorie LMP2, qui fait l’objet d’une profonde mutation avec des voitures nettement plus performantes, Alpine est représenté avec deux prototypes A470. Les voitures, qui porteront à nouveau les numéros 35 et 36, seront engagées sous la bannière Signatech Alpine Matmut.</strong></p>



<p>Déjà partenaire de l’équipe Signatech Alpine la saison dernière, le groupe mutualiste d’assurance Matmut renforce donc sa présence en s’affichant comme partenaire-titre.</p>



<p>Victorieuse de quatre épreuves en 2016 – dont les 24 Heures du Mans – et Champion dans sa catégorie l’an passé, la n°36 endossera le rôle de candidate à sa propre succession !</p>



<p>Déjà confirmé en décembre dernier, Nicolas Lapierre sera le fer de lance de cet équipage. Titré en compagnie de Nicolas et de Gustavo Menezes, Stéphane Richelmi poursuivra également sa carrière avec Alpine. Il est le premier pilote confirmé sur l’A470 n°35.</p>



<p>L’équipe Signatech Alpine Matmut annoncera prochainement les noms de ses quatre autres pilotes pour la saison 2017.&nbsp;»</p>



<p>voir l’article</p>



<p><a href="https://web.archive.org/web/20210411105541/http:/www.fiawec.com/fr/actualites/alpine-remet-ses-titres-lmp2-en-jeu-_4754.html">http://www.fiawec.com/fr/actualites/alpine-remet-ses-titres-lmp2-en-jeu-_4754.html</a></p>

<p>«&nbsp;Au sein de la catégorie LMP2, qui fait l’objet d’une profonde mutation avec des voitures nettement plus performantes, Alpine est représenté avec deux prototypes A470. Les voitures, qui porteront à nouveau les numéros 35&#46;&#46;&#46;</p>
