{"id":1022,"date":"2021-12-13T09:33:16","date_gmt":"2021-12-13T08:33:16","guid":{"rendered":"http:\/\/club-arada.fr\/?page_id=1022"},"modified":"2021-12-13T09:33:16","modified_gmt":"2021-12-13T08:33:16","slug":"assemblee-generale-2018","status":"publish","type":"page","link":"http:\/\/club-arada.fr\/index.php\/assemblee-generale-2018\/","title":{"rendered":"Assembl\u00e9e g\u00e9n\u00e9rale 2018"},"content":{"rendered":"\n<p>La salle est bien garnie, les aradiens sont pr\u00e9sents nombreux :<\/p>\n\n\n\n<figure class=\"wp-block-image size-full\"><img loading=\"lazy\" width=\"945\" height=\"630\" src=\"http:\/\/club-arada.fr\/wp-content\/uploads\/2021\/12\/image-857.png\" alt=\"\" class=\"wp-image-1023\" srcset=\"http:\/\/club-arada.fr\/wp-content\/uploads\/2021\/12\/image-857.png 945w, http:\/\/club-arada.fr\/wp-content\/uploads\/2021\/12\/image-857-300x200.png 300w, http:\/\/club-arada.fr\/wp-content\/uploads\/2021\/12\/image-857-768x512.png 768w\" sizes=\"(max-width: 945px) 100vw, 945px\" \/><\/figure>\n\n\n\n<p><a href=\"https:\/\/web.archive.org\/web\/20210414100305\/http:\/club-arada.fr\/2018\/02\/09\/assemblee-generale-2018\/ag2018-1\/\"><\/a><\/p>\n\n\n\n<p>Un partie du bureau pendant la pr\u00e9sentation du d\u00e9roulement de l\u2019assembl\u00e9e :<\/p>\n\n\n\n<figure class=\"wp-block-image size-full\"><img loading=\"lazy\" width=\"945\" height=\"630\" src=\"http:\/\/club-arada.fr\/wp-content\/uploads\/2021\/12\/image-858.png\" alt=\"\" class=\"wp-image-1024\" srcset=\"http:\/\/club-arada.fr\/wp-content\/uploads\/2021\/12\/image-858.png 945w, http:\/\/club-arada.fr\/wp-content\/uploads\/2021\/12\/image-858-300x200.png 300w, http:\/\/club-arada.fr\/wp-content\/uploads\/2021\/12\/image-858-768x512.png 768w\" sizes=\"(max-width: 945px) 100vw, 945px\" \/><\/figure>\n\n\n\n<p><a href=\"https:\/\/web.archive.org\/web\/20210414100305\/http:\/club-arada.fr\/ag2018-2\/\"><\/a><\/p>\n\n\n\n<p>Notre tr\u00e9sorier sortant en pleine pr\u00e9sentation des comptes (ils sont nickels, tout va bien !)<\/p>\n\n\n\n<figure class=\"wp-block-image size-full\"><img loading=\"lazy\" width=\"945\" height=\"630\" src=\"http:\/\/club-arada.fr\/wp-content\/uploads\/2021\/12\/image-859.png\" alt=\"\" class=\"wp-image-1025\" srcset=\"http:\/\/club-arada.fr\/wp-content\/uploads\/2021\/12\/image-859.png 945w, http:\/\/club-arada.fr\/wp-content\/uploads\/2021\/12\/image-859-300x200.png 300w, http:\/\/club-arada.fr\/wp-content\/uploads\/2021\/12\/image-859-768x512.png 768w\" sizes=\"(max-width: 945px) 100vw, 945px\" \/><\/figure>\n\n\n\n<p><a href=\"https:\/\/web.archive.org\/web\/20210414100305\/http:\/club-arada.fr\/ag2018-3\/\"><\/a><\/p>\n\n\n\n<p>Et nous en profitons pour lui offrir un petit cadeau (Alpine !) en remerciement de son travail de l\u2019ombre mais titanesque :<\/p>\n\n\n\n<figure class=\"wp-block-image size-full\"><img loading=\"lazy\" width=\"945\" height=\"630\" src=\"http:\/\/club-arada.fr\/wp-content\/uploads\/2021\/12\/image-860.png\" alt=\"\" class=\"wp-image-1026\" srcset=\"http:\/\/club-arada.fr\/wp-content\/uploads\/2021\/12\/image-860.png 945w, http:\/\/club-arada.fr\/wp-content\/uploads\/2021\/12\/image-860-300x200.png 300w, http:\/\/club-arada.fr\/wp-content\/uploads\/2021\/12\/image-860-768x512.png 768w\" sizes=\"(max-width: 945px) 100vw, 945px\" \/><\/figure>\n\n\n\n<p><a href=\"https:\/\/web.archive.org\/web\/20210414100305\/http:\/club-arada.fr\/ag2018-4\/\"><\/a><\/p>\n\n\n\n<figure class=\"wp-block-image size-full\"><img loading=\"lazy\" width=\"945\" height=\"630\" src=\"http:\/\/club-arada.fr\/wp-content\/uploads\/2021\/12\/image-861.png\" alt=\"\" class=\"wp-image-1027\" srcset=\"http:\/\/club-arada.fr\/wp-content\/uploads\/2021\/12\/image-861.png 945w, http:\/\/club-arada.fr\/wp-content\/uploads\/2021\/12\/image-861-300x200.png 300w, http:\/\/club-arada.fr\/wp-content\/uploads\/2021\/12\/image-861-768x512.png 768w\" sizes=\"(max-width: 945px) 100vw, 945px\" \/><\/figure>\n\n\n\n<p><a href=\"https:\/\/web.archive.org\/web\/20210414100305\/http:\/club-arada.fr\/ag2018-5\/\"><\/a><\/p>\n\n\n\n<figure class=\"wp-block-image size-full\"><img loading=\"lazy\" width=\"945\" height=\"630\" src=\"http:\/\/club-arada.fr\/wp-content\/uploads\/2021\/12\/image-862.png\" alt=\"\" class=\"wp-image-1028\" srcset=\"http:\/\/club-arada.fr\/wp-content\/uploads\/2021\/12\/image-862.png 945w, http:\/\/club-arada.fr\/wp-content\/uploads\/2021\/12\/image-862-300x200.png 300w, http:\/\/club-arada.fr\/wp-content\/uploads\/2021\/12\/image-862-768x512.png 768w\" sizes=\"(max-width: 945px) 100vw, 945px\" \/><\/figure>\n\n\n\n<p><a href=\"https:\/\/web.archive.org\/web\/20210414100305\/http:\/club-arada.fr\/ag2018-6\/\"><\/a><\/p>\n\n\n\n<figure class=\"wp-block-image size-full\"><img loading=\"lazy\" width=\"945\" height=\"630\" src=\"http:\/\/club-arada.fr\/wp-content\/uploads\/2021\/12\/image-863.png\" alt=\"\" class=\"wp-image-1029\" srcset=\"http:\/\/club-arada.fr\/wp-content\/uploads\/2021\/12\/image-863.png 945w, http:\/\/club-arada.fr\/wp-content\/uploads\/2021\/12\/image-863-300x200.png 300w, http:\/\/club-arada.fr\/wp-content\/uploads\/2021\/12\/image-863-768x512.png 768w\" sizes=\"(max-width: 945px) 100vw, 945px\" \/><\/figure>\n\n\n\n<p><a href=\"https:\/\/web.archive.org\/web\/20210414100305\/http:\/club-arada.fr\/ag2018-7\/\"><\/a><\/p>\n\n\n\n<figure class=\"wp-block-image size-full\"><img loading=\"lazy\" width=\"945\" height=\"630\" src=\"http:\/\/club-arada.fr\/wp-content\/uploads\/2021\/12\/image-864.png\" alt=\"\" class=\"wp-image-1030\" srcset=\"http:\/\/club-arada.fr\/wp-content\/uploads\/2021\/12\/image-864.png 945w, http:\/\/club-arada.fr\/wp-content\/uploads\/2021\/12\/image-864-300x200.png 300w, http:\/\/club-arada.fr\/wp-content\/uploads\/2021\/12\/image-864-768x512.png 768w\" sizes=\"(max-width: 945px) 100vw, 945px\" \/><\/figure>\n\n\n\n<p><a href=\"https:\/\/web.archive.org\/web\/20210414100305\/http:\/club-arada.fr\/ag2018-8\/\"><\/a><\/p>\n\n\n\n<figure class=\"wp-block-image size-full\"><img loading=\"lazy\" width=\"945\" height=\"630\" src=\"http:\/\/club-arada.fr\/wp-content\/uploads\/2021\/12\/image-865.png\" alt=\"\" class=\"wp-image-1031\" srcset=\"http:\/\/club-arada.fr\/wp-content\/uploads\/2021\/12\/image-865.png 945w, http:\/\/club-arada.fr\/wp-content\/uploads\/2021\/12\/image-865-300x200.png 300w, http:\/\/club-arada.fr\/wp-content\/uploads\/2021\/12\/image-865-768x512.png 768w\" sizes=\"(max-width: 945px) 100vw, 945px\" \/><\/figure>\n\n\n\n<p><a href=\"https:\/\/web.archive.org\/web\/20210414100305\/http:\/club-arada.fr\/ag2018-9\/\"><\/a><\/p>\n\n\n\n<p>Et oui, le club a aussi f\u00eat\u00e9 ses 20 ans en 2017 :<\/p>\n\n\n\n<figure class=\"wp-block-image size-full\"><img loading=\"lazy\" width=\"945\" height=\"630\" src=\"http:\/\/club-arada.fr\/wp-content\/uploads\/2021\/12\/image-866.png\" alt=\"\" class=\"wp-image-1032\" srcset=\"http:\/\/club-arada.fr\/wp-content\/uploads\/2021\/12\/image-866.png 945w, http:\/\/club-arada.fr\/wp-content\/uploads\/2021\/12\/image-866-300x200.png 300w, http:\/\/club-arada.fr\/wp-content\/uploads\/2021\/12\/image-866-768x512.png 768w\" sizes=\"(max-width: 945px) 100vw, 945px\" \/><\/figure>\n\n\n\n<p><a href=\"https:\/\/web.archive.org\/web\/20210414100305\/http:\/club-arada.fr\/ag2018-10\/\"><\/a><\/p>\n\n\n\n<p>La g\u00e2teau avec en fond les nouvelles tables de bar hautes d\u00e9cor\u00e9es et qui nous servirons sur les stands de nos prochaines manifestations :<\/p>\n\n\n\n<figure class=\"wp-block-image size-large\"><img loading=\"lazy\" width=\"682\" height=\"1024\" src=\"http:\/\/club-arada.fr\/wp-content\/uploads\/2021\/12\/image-867-682x1024.png\" alt=\"\" class=\"wp-image-1033\" srcset=\"http:\/\/club-arada.fr\/wp-content\/uploads\/2021\/12\/image-867-682x1024.png 682w, http:\/\/club-arada.fr\/wp-content\/uploads\/2021\/12\/image-867-200x300.png 200w, http:\/\/club-arada.fr\/wp-content\/uploads\/2021\/12\/image-867-768x1152.png 768w, http:\/\/club-arada.fr\/wp-content\/uploads\/2021\/12\/image-867.png 945w\" sizes=\"(max-width: 682px) 100vw, 682px\" \/><\/figure>\n\n\n\n<p><a href=\"https:\/\/web.archive.org\/web\/20210414100305\/http:\/club-arada.fr\/2018\/02\/09\/assemblee-generale-2018\/ag2018-11\/\"><\/a><\/p>\n","protected":false},"excerpt":{"rendered":"<p>La salle est bien garnie, les aradiens sont pr\u00e9sents nombreux : Un partie du bureau pendant la pr\u00e9sentation du d\u00e9roulement de l\u2019assembl\u00e9e : Notre tr\u00e9sorier sortant en pleine pr\u00e9sentation des comptes (ils sont nickels,&#46;&#46;&#46;<\/p>\n","protected":false},"author":1,"featured_media":0,"parent":0,"menu_order":0,"comment_status":"closed","ping_status":"closed","template":"","meta":[],"_links":{"self":[{"href":"http:\/\/club-arada.fr\/index.php\/wp-json\/wp\/v2\/pages\/1022"}],"collection":[{"href":"http:\/\/club-arada.fr\/index.php\/wp-json\/wp\/v2\/pages"}],"about":[{"href":"http:\/\/club-arada.fr\/index.php\/wp-json\/wp\/v2\/types\/page"}],"author":[{"embeddable":true,"href":"http:\/\/club-arada.fr\/index.php\/wp-json\/wp\/v2\/users\/1"}],"replies":[{"embeddable":true,"href":"http:\/\/club-arada.fr\/index.php\/wp-json\/wp\/v2\/comments?post=1022"}],"version-history":[{"count":1,"href":"http:\/\/club-arada.fr\/index.php\/wp-json\/wp\/v2\/pages\/1022\/revisions"}],"predecessor-version":[{"id":1034,"href":"http:\/\/club-arada.fr\/index.php\/wp-json\/wp\/v2\/pages\/1022\/revisions\/1034"}],"wp:attachment":[{"href":"http:\/\/club-arada.fr\/index.php\/wp-json\/wp\/v2\/media?parent=1022"}],"curies":[{"name":"wp","href":"https:\/\/api.w.org\/{rel}","templated":true}]}}

Assemblée générale 2018

<p>La salle est bien garnie, les aradiens sont présents nombreux :</p>



<figure class="wp-block-image size-full"><img loading="lazy" width="945" height="630" src="http://club-arada.fr/wp-content/uploads/2021/12/image-857.png" alt="" class="wp-image-1023" srcset="http://club-arada.fr/wp-content/uploads/2021/12/image-857.png 945w, http://club-arada.fr/wp-content/uploads/2021/12/image-857-300x200.png 300w, http://club-arada.fr/wp-content/uploads/2021/12/image-857-768x512.png 768w" sizes="(max-width: 945px) 100vw, 945px" /></figure>



<p><a href="https://web.archive.org/web/20210414100305/http:/club-arada.fr/2018/02/09/assemblee-generale-2018/ag2018-1/"></a></p>



<p>Un partie du bureau pendant la présentation du déroulement de l’assemblée :</p>



<figure class="wp-block-image size-full"><img loading="lazy" width="945" height="630" src="http://club-arada.fr/wp-content/uploads/2021/12/image-858.png" alt="" class="wp-image-1024" srcset="http://club-arada.fr/wp-content/uploads/2021/12/image-858.png 945w, http://club-arada.fr/wp-content/uploads/2021/12/image-858-300x200.png 300w, http://club-arada.fr/wp-content/uploads/2021/12/image-858-768x512.png 768w" sizes="(max-width: 945px) 100vw, 945px" /></figure>



<p><a href="https://web.archive.org/web/20210414100305/http:/club-arada.fr/ag2018-2/"></a></p>



<p>Notre trésorier sortant en pleine présentation des comptes (ils sont nickels, tout va bien !)</p>



<figure class="wp-block-image size-full"><img loading="lazy" width="945" height="630" src="http://club-arada.fr/wp-content/uploads/2021/12/image-859.png" alt="" class="wp-image-1025" srcset="http://club-arada.fr/wp-content/uploads/2021/12/image-859.png 945w, http://club-arada.fr/wp-content/uploads/2021/12/image-859-300x200.png 300w, http://club-arada.fr/wp-content/uploads/2021/12/image-859-768x512.png 768w" sizes="(max-width: 945px) 100vw, 945px" /></figure>



<p><a href="https://web.archive.org/web/20210414100305/http:/club-arada.fr/ag2018-3/"></a></p>



<p>Et nous en profitons pour lui offrir un petit cadeau (Alpine !) en remerciement de son travail de l’ombre mais titanesque :</p>



<figure class="wp-block-image size-full"><img loading="lazy" width="945" height="630" src="http://club-arada.fr/wp-content/uploads/2021/12/image-860.png" alt="" class="wp-image-1026" srcset="http://club-arada.fr/wp-content/uploads/2021/12/image-860.png 945w, http://club-arada.fr/wp-content/uploads/2021/12/image-860-300x200.png 300w, http://club-arada.fr/wp-content/uploads/2021/12/image-860-768x512.png 768w" sizes="(max-width: 945px) 100vw, 945px" /></figure>



<p><a href="https://web.archive.org/web/20210414100305/http:/club-arada.fr/ag2018-4/"></a></p>



<figure class="wp-block-image size-full"><img loading="lazy" width="945" height="630" src="http://club-arada.fr/wp-content/uploads/2021/12/image-861.png" alt="" class="wp-image-1027" srcset="http://club-arada.fr/wp-content/uploads/2021/12/image-861.png 945w, http://club-arada.fr/wp-content/uploads/2021/12/image-861-300x200.png 300w, http://club-arada.fr/wp-content/uploads/2021/12/image-861-768x512.png 768w" sizes="(max-width: 945px) 100vw, 945px" /></figure>



<p><a href="https://web.archive.org/web/20210414100305/http:/club-arada.fr/ag2018-5/"></a></p>



<figure class="wp-block-image size-full"><img loading="lazy" width="945" height="630" src="http://club-arada.fr/wp-content/uploads/2021/12/image-862.png" alt="" class="wp-image-1028" srcset="http://club-arada.fr/wp-content/uploads/2021/12/image-862.png 945w, http://club-arada.fr/wp-content/uploads/2021/12/image-862-300x200.png 300w, http://club-arada.fr/wp-content/uploads/2021/12/image-862-768x512.png 768w" sizes="(max-width: 945px) 100vw, 945px" /></figure>



<p><a href="https://web.archive.org/web/20210414100305/http:/club-arada.fr/ag2018-6/"></a></p>



<figure class="wp-block-image size-full"><img loading="lazy" width="945" height="630" src="http://club-arada.fr/wp-content/uploads/2021/12/image-863.png" alt="" class="wp-image-1029" srcset="http://club-arada.fr/wp-content/uploads/2021/12/image-863.png 945w, http://club-arada.fr/wp-content/uploads/2021/12/image-863-300x200.png 300w, http://club-arada.fr/wp-content/uploads/2021/12/image-863-768x512.png 768w" sizes="(max-width: 945px) 100vw, 945px" /></figure>



<p><a href="https://web.archive.org/web/20210414100305/http:/club-arada.fr/ag2018-7/"></a></p>



<figure class="wp-block-image size-full"><img loading="lazy" width="945" height="630" src="http://club-arada.fr/wp-content/uploads/2021/12/image-864.png" alt="" class="wp-image-1030" srcset="http://club-arada.fr/wp-content/uploads/2021/12/image-864.png 945w, http://club-arada.fr/wp-content/uploads/2021/12/image-864-300x200.png 300w, http://club-arada.fr/wp-content/uploads/2021/12/image-864-768x512.png 768w" sizes="(max-width: 945px) 100vw, 945px" /></figure>



<p><a href="https://web.archive.org/web/20210414100305/http:/club-arada.fr/ag2018-8/"></a></p>



<figure class="wp-block-image size-full"><img loading="lazy" width="945" height="630" src="http://club-arada.fr/wp-content/uploads/2021/12/image-865.png" alt="" class="wp-image-1031" srcset="http://club-arada.fr/wp-content/uploads/2021/12/image-865.png 945w, http://club-arada.fr/wp-content/uploads/2021/12/image-865-300x200.png 300w, http://club-arada.fr/wp-content/uploads/2021/12/image-865-768x512.png 768w" sizes="(max-width: 945px) 100vw, 945px" /></figure>



<p><a href="https://web.archive.org/web/20210414100305/http:/club-arada.fr/ag2018-9/"></a></p>



<p>Et oui, le club a aussi fêté ses 20 ans en 2017 :</p>



<figure class="wp-block-image size-full"><img loading="lazy" width="945" height="630" src="http://club-arada.fr/wp-content/uploads/2021/12/image-866.png" alt="" class="wp-image-1032" srcset="http://club-arada.fr/wp-content/uploads/2021/12/image-866.png 945w, http://club-arada.fr/wp-content/uploads/2021/12/image-866-300x200.png 300w, http://club-arada.fr/wp-content/uploads/2021/12/image-866-768x512.png 768w" sizes="(max-width: 945px) 100vw, 945px" /></figure>



<p><a href="https://web.archive.org/web/20210414100305/http:/club-arada.fr/ag2018-10/"></a></p>



<p>La gâteau avec en fond les nouvelles tables de bar hautes décorées et qui nous servirons sur les stands de nos prochaines manifestations :</p>



<figure class="wp-block-image size-large"><img loading="lazy" width="682" height="1024" src="http://club-arada.fr/wp-content/uploads/2021/12/image-867-682x1024.png" alt="" class="wp-image-1033" srcset="http://club-arada.fr/wp-content/uploads/2021/12/image-867-682x1024.png 682w, http://club-arada.fr/wp-content/uploads/2021/12/image-867-200x300.png 200w, http://club-arada.fr/wp-content/uploads/2021/12/image-867-768x1152.png 768w, http://club-arada.fr/wp-content/uploads/2021/12/image-867.png 945w" sizes="(max-width: 682px) 100vw, 682px" /></figure>



<p><a href="https://web.archive.org/web/20210414100305/http:/club-arada.fr/2018/02/09/assemblee-generale-2018/ag2018-11/"></a></p>

<p>La salle est bien garnie, les aradiens sont présents nombreux : Un partie du bureau pendant la présentation du déroulement de l’assemblée : Notre trésorier sortant en pleine présentation des comptes (ils sont nickels,&#46;&#46;&#46;</p>
